{"id":645,"date":"2025-04-22T11:27:20","date_gmt":"2025-04-22T09:27:20","guid":{"rendered":"https:\/\/maite-guy-mediation.fr\/?page_id=645"},"modified":"2025-07-30T14:10:53","modified_gmt":"2025-07-30T12:10:53","slug":"la-sexotherapie","status":"publish","type":"page","link":"https:\/\/maite-guy-mediation.fr\/index.php\/la-sexotherapie\/","title":{"rendered":"La m\u00e9diation de couple et la sexoth\u00e9rapie"},"content":{"rendered":"\n<p>Dans un couple, nous sommes 3. Il y a moi, l&rsquo;autre et la relation (1+1=3). Celle-ci doit \u00eatre entretenue au quotidien. Le respect, la confiance et l&rsquo;honn\u00eatet\u00e9, la complicit\u00e9, le sentiment de s\u00e9curit\u00e9, une communication empathique et bienveillante, une bonne gestion des conflits et une sexualit\u00e9 connect\u00e9e contribuent \u00e0 entretenir la relation.  <\/p>\n\n\n\n<p>L&rsquo; espace de m\u00e9diation permet aux couples de venir interroger leur fonctionnement, leur communication, leurs rituels et surtout le \u00ab\u00a0contrat\u00a0\u00bb implicite qui s&rsquo;est instaur\u00e9 entre eux lors de leur rencontre. Aborder les attentes, les besoins de chacun permet de r\u00e9ajuster ce \u00ab\u00a0contrat\u00a0\u00bb par le biais d&rsquo;un bilan conjugal.<\/p>\n\n\n\n<p>En tant que th\u00e9rapeute de la relation, de la communication et du conflit, la sexualit\u00e9 fait partie des sujets abord\u00e9s dans l&rsquo;espace de m\u00e9diation.<\/p>\n\n\n\n<p>L&rsquo;OMS d\u00e9finit la sant\u00e9 sexuelle par \u00ab\u00a0l&rsquo;int\u00e9gration des aspects somatiques, \u00e9motionnels, intellectuels et sociaux du bien-\u00eatre sexuel en ce qu&rsquo;ils peuvent enrichir et d\u00e9velopper la personnalit\u00e9, la communication et l&rsquo;amour. La sant\u00e9 sexuelle est un droit et ne consiste pas uniquement en l&rsquo;absence de maladie, de dysfonctionnement ou d&rsquo;infirmit\u00e9. La sant\u00e9 sexuelle a besoin d&rsquo;une approche positive et respectueuse de la sexualit\u00e9 et des relations sexuelles, et la possibilit\u00e9 d&rsquo;avoir des exp\u00e9riences sexuelles qui apportent du plaisir en toute s\u00e9curit\u00e9 et sans contraintes, discrimination ou violence.\u00a0\u00bb<\/p>\n\n\n\n<p>Sur le plan de la sexualit\u00e9 et de l&rsquo;intimit\u00e9, chacun des membres du couple est le fruit d&rsquo;une histoire. Nous sommes rarement deux dans un lit \u00ab\u00a0conjugal\u00a0\u00bb. En effet, il y a souvent avec nous nos parents, notre famille, nos pr\u00e9c\u00e9dentes relations, nos exp\u00e9riences parfois difficiles (sexuelles et\/ou relationnelles), notre part d&rsquo;ombre, nos difficult\u00e9s, nos croyances, nos \u00e9motions, nos envies, nos fantasmes. C&rsquo;est un voyage au pays des mythes, peurs et tabous la plupart du temps.<\/p>\n\n\n\n<p>La sexualit\u00e9 n&rsquo;est pas le ciment du couple mais l&rsquo;intimit\u00e9 oui.La sexualit\u00e9 s&rsquo;apprend et se construit ensemble. La m\u00e9sentente, l&rsquo;insatisfaction sexuelle, les difficult\u00e9s et troubles sexuels ont un impact r\u00e9el sur la relation car nous sommes deux pour faire l&rsquo;amour ou ne pas faire l&rsquo;amour.<\/p>\n\n\n\n<p>Ainsi notre sexualit\u00e9 parle de notre vie, de notre mani\u00e8re d&rsquo;\u00eatre au monde et d&rsquo;\u00eatre en contact avec les autres. A l&rsquo;inverse, notre mani\u00e8re d&rsquo;\u00eatre au monde et d&rsquo;\u00eatre en contact a \u00e9galement un impact sur nos relations intimes et sexuelles.<\/p>\n\n\n\n<p><strong>Tarifs<\/strong><\/p>\n\n\n\n<ul class=\"wp-block-list\">\n<li>Entretien individuel : <strong>70 euros (environ 1h00)<\/strong><\/li>\n\n\n\n<li>Entretien de m\u00e9diation&nbsp;de couple : <strong>70 euros \/pers (entre 1h30 \u00e0 2h00)<\/strong><\/li>\n<\/ul>\n","protected":false},"excerpt":{"rendered":"<p>Dans un couple, nous sommes 3. Il y a moi, l&rsquo;autre et la relation (1+1=3). Celle-ci doit \u00eatre entretenue au quotidien. Le respect, la confiance et l&rsquo;honn\u00eatet\u00e9, la complicit\u00e9, le sentiment de s\u00e9curit\u00e9, une communication empathique et bienveillante, une bonne gestion des conflits et une sexualit\u00e9 connect\u00e9e contribuent \u00e0 entretenir la relation. L&rsquo; espace de &hellip; <\/p>\n<p class=\"link-more\"><a href=\"https:\/\/maite-guy-mediation.fr\/index.php\/la-sexotherapie\/\" class=\"more-link\">Continuer la lecture<span class=\"screen-reader-text\"> de &laquo;&nbsp;La m\u00e9diation de couple et la sexoth\u00e9rapie&nbsp;&raquo;<\/span><\/a><\/p>\n","protected":false},"author":2,"featured_media":0,"parent":0,"menu_order":4,"comment_status":"closed","ping_status":"closed","template":"","meta":{"footnotes":""},"class_list":["post-645","page","type-page","status-publish","hentry"],"_links":{"self":[{"href":"https:\/\/maite-guy-mediation.fr\/index.php\/wp-json\/wp\/v2\/pages\/645","targetHints":{"allow":["GET"]}}],"collection":[{"href":"https:\/\/maite-guy-mediation.fr\/index.php\/wp-json\/wp\/v2\/pages"}],"about":[{"href":"https:\/\/maite-guy-mediation.fr\/index.php\/wp-json\/wp\/v2\/types\/page"}],"author":[{"embeddable":true,"href":"https:\/\/maite-guy-mediation.fr\/index.php\/wp-json\/wp\/v2\/users\/2"}],"replies":[{"embeddable":true,"href":"https:\/\/maite-guy-mediation.fr\/index.php\/wp-json\/wp\/v2\/comments?post=645"}],"version-history":[{"count":13,"href":"https:\/\/maite-guy-mediation.fr\/index.php\/wp-json\/wp\/v2\/pages\/645\/revisions"}],"predecessor-version":[{"id":676,"href":"https:\/\/maite-guy-mediation.fr\/index.php\/wp-json\/wp\/v2\/pages\/645\/revisions\/676"}],"wp:attachment":[{"href":"https:\/\/maite-guy-mediation.fr\/index.php\/wp-json\/wp\/v2\/media?parent=645"}],"curies":[{"name":"wp","href":"https:\/\/api.w.org\/{rel}","templated":true}]}}